s of 499593578.
2, 11, 22708799
What are the prime factors of 104588942?
2, 151, 346321
What are the prime factors of 961413125?
5, 1538261
List the prime factors of 82008158.
2, 41004079
What are the prime factors of 1265518429?
7, 180788347
List the prime factors of 146345833.
461, 317453
List the prime factors of 277402157.
1231, 225347
List the prime factors of 23359872.
2, 3, 127, 479
What are the prime factors of 417479620?
2, 5, 4337, 4813
What are the prime factors of 531468142?
2, 241, 269, 4099
What are the prime factors of 439682920?
2, 5, 29, 31, 12227
What are the prime factors of 4011965834?
2, 101, 109, 257, 709
List the prime factors of 1073991536.
2, 67124471
What are the prime factors of 182129924?
2, 45532481
List the prime factors of 52028730.
2, 3, 5, 13, 61
List the prime factors of 100980150.
2, 3, 5, 673201
What are the prime factors of 171988541?
17, 10116973
What are the prime factors of 91009699?
11, 8273609
What are the prime factors of 25477145?
5, 5095429
List the prime factors of 4557934272.
2, 3, 23739241
What are the prime factors of 289906382?
2, 197, 839, 877
List the prime factors of 150101112.
2, 3, 7, 127637
What are the prime factors of 182884195?
5, 13, 216431
What are the prime factors of 195956388?
2, 3, 227, 7993
What are the prime factors of 1301137207?
59, 22053173
What are the prime factors of 247838030?
2, 5, 11, 41, 179, 307
What are the prime factors of 2336970341?
19, 1709, 71971
What are the prime factors of 856483921?
839, 1020839
List the prime factors of 672641028.
2, 3, 18684473
What are the prime factors of 17796465?
3, 5, 59, 6703
List the prime factors of 153793785.
3, 5, 10252919
List the prime factors of 154418020.
2, 5, 37, 208673
What are the prime factors of 211024758?
2, 3, 7, 107, 46957
List the prime factors of 1182080011.
7, 421, 401113
What are the prime factors of 1632181885?
5, 326436377
List the prime factors of 508817268.
2, 3, 409, 11519
What are the prime factors of 104395643?
11, 23, 449, 919
List the prime factors of 111606301.
233, 601, 797
List the prime factors of 3786838167.
3, 7, 180325627
List the prime factors of 331967776.
2, 7, 1481999
List the prime factors of 2193039741.
3, 5303, 137849
What are the prime factors of 216281608?
2, 863, 31327
List the prime factors of 2256153426.
2, 3, 29, 160079
List the prime factors of 324871549.
743, 437243
List the prime factors of 1213235159.
1213235159
What are the prime factors of 3967585?
5, 793517
List the prime factors of 178562195.
5, 7, 823, 6199
List the prime factors of 62973338.
2, 17, 31, 59747
List the prime factors of 19259663.
73, 193, 1367
List the prime factors of 268171095.
3, 5, 1039, 17207
List the prime factors of 3421819669.
83, 109, 179, 2113
List the prime factors of 2034917155.
5, 71, 79, 72559
List the prime factors of 421485248.
2, 41, 160627
What are the prime factors of 200054960?
2, 5, 7, 357241
What are the prime factors of 173239324?
2, 43309831
List the prime factors of 441884136.
2, 3, 29, 634891
What are the prime factors of 1439962108?
2, 13, 1249, 22171
List the prime factors of 12247962.
2, 3, 37, 55171
List the prime factors of 2634816961.
7, 17, 22141319
What are the prime factors of 703296213?
3, 137, 541, 3163
List the prime factors of 91923531.
3, 7, 67, 79, 827
List the prime factors of 3522454819.
13, 431, 628673
List the prime factors of 28063319.
28063319
List the prime factors of 228736078.
2, 114368039
List the prime factors of 372854312.
2, 941, 49529
What are the prime factors of 5947788611?
29, 205096159
What are the prime factors of 155302251?
3, 13, 467, 8527
What are the prime factors of 1060659801?
3, 17, 43, 263, 613
What are the prime factors of 22469273?
331, 67883
List the prime factors of 698904.
2, 3, 17, 571
What are the prime factors of 43432844?
2, 7, 13, 119321
List the prime factors of 582062732.
2, 41, 61, 83, 701
What are the prime factors of 3097274708?
2, 11, 70392607
What are the prime factors of 2691802413?
3, 299089157
List the prime factors of 20311578.
2, 3, 7, 23029
List the prime factors of 313939421.
67, 4685663
List the prime factors of 3357559484.
2, 379, 2214749
What are the prime factors of 14079416?
2, 13, 331, 409
What are the prime factors of 163014211?
167, 181, 5393
What are the prime factors of 72875298?
2, 3, 19, 639257
List the prime factors of 26288628.
2, 3, 19, 115301
What are the prime factors of 3994368188?
2, 998592047
List the prime factors of 23778314.
2, 7, 149, 11399
List the prime factors of 2973791143.
2973791143
List the prime factors of 2732836292.
2, 17, 71, 127, 4457
What are the prime factors of 63290660?
2, 5, 17, 186149
What are the prime factors of 204636756?
2, 3, 311, 54833
What are the prime factors of 390650080?
2, 5, 2441563
List the prime factors of 83478685.
5, 19, 97, 9059
List the prime factors of 63457856.
2, 7, 11, 79, 163
What are the prime factors of 18077313?
3, 6025771
List the prime factors of 3384347095.
5, 47, 311, 46307
What are the prime factors of 1952090710?
2, 5, 223, 875377
What are the prime factors of 49354606?
2, 7, 47, 107, 701
List the prime factors of 55938756.
2, 3, 31, 150373
List the prime factors of 1228000256.
2, 7, 171317
List the prime factors of 12744791.
61, 208931
What are the prime factors of 748839506?
2, 449, 833897
List the prime factors of 228608367.
3, 13, 17, 499, 691
What are the prime factors of 30744284?
2, 23, 334177
List the prime factors of 11117015.
5, 7, 13, 53, 461
List the prime factors of 557615218.
2, 2557, 109037
What are the prime factors of 1151796293?
71, 16222483
What are the prime factors of 386582808?
2, 3, 37, 419, 1039
What are the prime factors of 37588326?
2, 3, 17, 368513
What are the prime factors of 112899751?
1733, 65147
What are the prime factors of 2750231334?
2, 3, 458371889
List the prime factors of 75746591.
75746591
List the prime factors of 48181607.
48181607
List the prime factors of 316999894.
2, 7481, 21187
List the prime factors of 800637141.
3, 266879047
List the prime factors of 1490126780.
2, 5, 643, 115873
List the prime factors of 51629053.
7, 7375579
What are the prime factors of 842110105?
5, 168422021
What are the prime factors of 110992092?
2, 3, 157, 58913
What are the prime factors of 492163384?
2, 19, 23, 140779
What are the prime factors of 617846968?
2, 77230871
List the prime factors of 8279813351.
151, 4679, 11719
What are the prime factors of 231605413?
13, 17815801
List the prime factors of 45810811.
2111, 21701
What are the prime factors of 28464062?
2, 11, 1293821
List the prime factors of 1056146019.
3, 37, 41, 239, 971
What are the prime factors of 54442027?
47, 1158341
List the prime factors of 104240573.
41, 2542453
List the prime factors of 237516572.
2, 59379143
List the prime factors of 64384804.
2, 11, 449, 3259
What are the prime factors of 121975187?
17, 23, 311957
List the prime factors of 32434566.
2, 3, 67, 80683
What are the prime factors of 446829231?
3, 67, 2223031
What are the prime factors of 1606078962?
2, 3, 29742203
What are the prime factors of 36106564?
2, 13, 694357
What are the prime factors of 1492396555?
5, 13, 389, 59023
What are the prime factors of 1141907505?
3, 5, 19, 37, 108289
List the prime factors of 835260221.
835260221
List the prime factors of 2540821116.
2, 3, 8867, 23879
What are the prime factors of 214311079?
23, 251, 37123
List the prime factors of 59919990.
2, 3, 5, 13, 153641
What are the prime factors of 2019809729?
7, 17, 998423
List the prime factors of 26031301.
17, 1531253
List the prime factors of 40184211.
3, 13394737
List the prime factors of 413571209.
18341, 22549
What are the prime factors of 186919142?
2, 5099, 18329
What are the prime factors of 263828961?
3, 11, 888313
List the prime factors of 269497469.
41, 43, 71, 2153
List the prime factors of 211922697.
3, 7, 17, 137, 619
What are the prime factors of 4688546415?
3, 5, 7, 71, 628913
What are the prime factors of 30933027?
3, 701, 4903
What are the prime factors of 37104587?
13, 19, 150221
What are the prime factors of 562265366?
2, 13, 19, 87553
What are the prime factors of 6843267549?
3, 37, 277, 74189
List the prime factors of 64030802.
2, 11, 839, 3469
What are the prime factors of 35741